{"id":59,"date":"2025-07-07T21:34:01","date_gmt":"2025-07-08T00:34:01","guid":{"rendered":"http:\/\/tldesign.com.br\/?page_id=59"},"modified":"2026-04-13T16:07:15","modified_gmt":"2026-04-13T19:07:15","slug":"home","status":"publish","type":"page","link":"https:\/\/tldesign.com.br\/","title":{"rendered":"HOME"},"content":{"rendered":"\t\t<div data-elementor-type=\"wp-page\" data-elementor-id=\"59\" class=\"elementor elementor-59\" data-elementor-post-type=\"page\">\n\t\t\t\t<div class=\"elementor-element elementor-element-e21d985 e-con-full e-flex e-con e-parent\" data-id=\"e21d985\" data-element_type=\"container\" data-settings=\"{&quot;background_background&quot;:&quot;slideshow&quot;,&quot;background_slideshow_gallery&quot;:[{&quot;id&quot;:1398,&quot;url&quot;:&quot;http:\\\/\\\/tldesign.com.br\\\/wp-content\\\/uploads\\\/2026\\\/04\\\/tiago-scaled.png&quot;}],&quot;background_slideshow_loop&quot;:&quot;yes&quot;,&quot;background_slideshow_slide_duration&quot;:5000,&quot;background_slideshow_slide_transition&quot;:&quot;fade&quot;,&quot;background_slideshow_transition_duration&quot;:500}\">\n\t\t<div class=\"elementor-element elementor-element-ec1db7f e-con-full e-flex e-con e-child\" data-id=\"ec1db7f\" data-element_type=\"container\">\n\t\t<div class=\"elementor-element elementor-element-7b47118 e-con-full e-flex e-con e-child\" data-id=\"7b47118\" data-element_type=\"container\">\n\t\t\t\t<div class=\"elementor-element elementor-element-b9a40e5 elementor-headline--style-rotate elementor-widget__width-initial elementor-widget elementor-widget-animated-headline\" data-id=\"b9a40e5\" data-element_type=\"widget\" data-settings=\"{&quot;headline_style&quot;:&quot;rotate&quot;,&quot;rotating_text&quot;:&quot;DESIGNER&quot;,&quot;animation_type&quot;:&quot;typing&quot;,&quot;rotate_iteration_delay&quot;:2500}\" data-widget_type=\"animated-headline.default\">\n\t\t\t\t\t\t\t<h3 class=\"elementor-headline elementor-headline-animation-type-typing elementor-headline-letters\">\n\t\t\t\t\t<span class=\"elementor-headline-plain-text elementor-headline-text-wrapper\">GRAPHIC<\/span>\n\t\t\t\t<span class=\"elementor-headline-dynamic-wrapper elementor-headline-text-wrapper\">\n\t\t\t\t\t<span class=\"elementor-headline-dynamic-text elementor-headline-text-active\">\n\t\t\t\tDESIGNER\t\t\t<\/span>\n\t\t\t\t\t\t<\/span>\n\t\t\t\t<\/h3>\n\t\t\t\t\t\t<\/div>\n\t\t\t\t<\/div>\n\t\t<div class=\"elementor-element elementor-element-13d6aca e-con-full e-flex e-con e-child\" data-id=\"13d6aca\" data-element_type=\"container\">\n\t\t\t\t<div class=\"elementor-element elementor-element-c7c8c84 elementor-invisible elementor-widget elementor-widget-heading\" data-id=\"c7c8c84\" data-element_type=\"widget\" data-settings=\"{&quot;_animation&quot;:&quot;fadeInRight&quot;}\" data-widget_type=\"heading.default\">\n\t\t\t\t\t<h2 class=\"elementor-heading-title elementor-size-default\">SIMPLE,<br>\n<span style=\"color:#f7dc11\">BUT<\/span><br>\nPRECISE.<\/h2>\t\t\t\t<\/div>\n\t\t\t\t<\/div>\n\t\t\t\t<\/div>\n\t\t\t\t<\/div>\n\t\t<div class=\"elementor-element elementor-element-de69597 e-flex e-con-boxed e-con e-parent\" data-id=\"de69597\" data-element_type=\"container\">\n\t\t\t\t\t<div class=\"e-con-inner\">\n\t\t<div class=\"elementor-element elementor-element-1b826b7 e-con-full e-flex e-con e-child\" data-id=\"1b826b7\" data-element_type=\"container\">\n\t\t<div class=\"elementor-element elementor-element-941f06b e-con-full e-flex e-con e-child\" data-id=\"941f06b\" data-element_type=\"container\">\n\t\t\t\t<div class=\"elementor-element elementor-element-a6a68a7 elementor-widget elementor-widget-heading\" data-id=\"a6a68a7\" data-element_type=\"widget\" data-widget_type=\"heading.default\">\n\t\t\t\t\t<h2 class=\"elementor-heading-title elementor-size-default\">Habilidades.<\/h2>\t\t\t\t<\/div>\n\t\t\t\t<div class=\"elementor-element elementor-element-ea4c956 elementor-widget elementor-widget-heading\" data-id=\"ea4c956\" data-element_type=\"widget\" data-widget_type=\"heading.default\">\n\t\t\t\t\t<h2 class=\"elementor-heading-title elementor-size-default\">Estrat\u00e9gia<br>Identidade Visual e Branding<br>Dire\u00e7\u00e3o de Arte<br>Social Media (Redesign)<br>UI para Landing Pages<br>WordPress \/ Front-end aplicado<br>Google Ads<br>Materiais T\u00e9cnicos e Comerciais<br>Automa\u00e7\u00e3o de Marketing<\/h2>\t\t\t\t<\/div>\n\t\t\t\t<\/div>\n\t\t<div class=\"elementor-element elementor-element-2ffefb3 e-con-full e-flex e-con e-child\" data-id=\"2ffefb3\" data-element_type=\"container\">\n\t\t\t\t<div class=\"elementor-element elementor-element-872a5d3 elementor-widget elementor-widget-heading\" data-id=\"872a5d3\" data-element_type=\"widget\" data-widget_type=\"heading.default\">\n\t\t\t\t\t<h2 class=\"elementor-heading-title elementor-size-default\">Softwares.<\/h2>\t\t\t\t<\/div>\n\t\t\t\t<div class=\"elementor-element elementor-element-a240234 elementor-widget elementor-widget-heading\" data-id=\"a240234\" data-element_type=\"widget\" data-widget_type=\"heading.default\">\n\t\t\t\t\t<h2 class=\"elementor-heading-title elementor-size-default\">Softwares de cria\u00e7\u00e3o<\/h2>\t\t\t\t<\/div>\n\t\t\t\t<div class=\"elementor-element elementor-element-2b0fbd8 elementor-widget__width-initial elementor-widget elementor-widget-heading\" data-id=\"2b0fbd8\" data-element_type=\"widget\" data-widget_type=\"heading.default\">\n\t\t\t\t\t<h2 class=\"elementor-heading-title elementor-size-default\">Adobe Creative Cloud<br>\n- (Illustrator, Photoshop, InDesign, XD)<br>\nWordPress<br>\n- Elementor Pro - WooCommerce<\/h2>\t\t\t\t<\/div>\n\t\t\t\t<div class=\"elementor-element elementor-element-72521bc elementor-widget elementor-widget-heading\" data-id=\"72521bc\" data-element_type=\"widget\" data-widget_type=\"heading.default\">\n\t\t\t\t\t<h2 class=\"elementor-heading-title elementor-size-default\">Softwares auxiliares<\/h2>\t\t\t\t<\/div>\n\t\t\t\t<div class=\"elementor-element elementor-element-81df7df elementor-widget__width-initial elementor-widget elementor-widget-heading\" data-id=\"81df7df\" data-element_type=\"widget\" data-widget_type=\"heading.default\">\n\t\t\t\t\t<h2 class=\"elementor-heading-title elementor-size-default\">Microsoft Office<br>Google Ads<br>RD Station Marketing<br>Google Analytics<br>Google Tag Manager<br>Trello<br>\nMiro<\/h2>\t\t\t\t<\/div>\n\t\t\t\t<\/div>\n\t\t<div class=\"elementor-element elementor-element-099929a e-con-full e-flex e-con e-child\" data-id=\"099929a\" data-element_type=\"container\">\n\t\t\t\t<div class=\"elementor-element elementor-element-2a08dce elementor-widget elementor-widget-heading\" data-id=\"2a08dce\" data-element_type=\"widget\" data-widget_type=\"heading.default\">\n\t\t\t\t\t<h2 class=\"elementor-heading-title elementor-size-default\">Miss\u00e3o\/Vis\u00e3o.<\/h2>\t\t\t\t<\/div>\n\t\t\t\t<div class=\"elementor-element elementor-element-59beda2 elementor-widget__width-initial elementor-widget elementor-widget-heading\" data-id=\"59beda2\" data-element_type=\"widget\" data-widget_type=\"heading.default\">\n\t\t\t\t\t<h2 class=\"elementor-heading-title elementor-size-default\"><p data-start=\"237\" data-end=\"548\">Atuo na cria\u00e7\u00e3o de identidades visuais e solu\u00e7\u00f5es digitais orientadas \u00e0 clareza, consist\u00eancia e desempenho.<br data-start=\"344\" data-end=\"347\">\nMeu trabalho integra estrat\u00e9gia, dire\u00e7\u00e3o de arte e desenvolvimento de interfaces, acompanhando projetos desde a defini\u00e7\u00e3o do posicionamento at\u00e9 sua aplica\u00e7\u00e3o em ambientes digitais e materiais t\u00e9cnicos.<\/p><p data-start=\"550\" data-end=\"801\">Busco equilibrar est\u00e9tica e funcionalidade para transformar demandas complexas em comunica\u00e7\u00e3o objetiva e estruturada. Cada projeto \u00e9 pensado como parte de um sistema visual coerente, alinhado aos objetivos reais de quem precisa comunicar com precis\u00e3o.<\/p><\/h2>\t\t\t\t<\/div>\n\t\t\t\t<\/div>\n\t\t\t\t<\/div>\n\t\t\t\t\t<\/div>\n\t\t\t\t<\/div>\n\t\t\t\t<\/div>\n\t\t","protected":false},"excerpt":{"rendered":"<p>GRAPHIC DESIGNER SIMPLE, BUT PRECISE. Habilidades. Estrat\u00e9giaIdentidade Visual e BrandingDire\u00e7\u00e3o de ArteSocial Media (Redesign)UI para Landing PagesWordPress \/ Front-end aplicadoGoogle AdsMateriais T\u00e9cnicos e ComerciaisAutoma\u00e7\u00e3o de Marketing Softwares. Softwares de cria\u00e7\u00e3o Adobe Creative Cloud &#8211; (Illustrator, Photoshop, InDesign, XD) WordPress &#8211; Elementor Pro &#8211; WooCommerce Softwares auxiliares Microsoft OfficeGoogle AdsRD Station MarketingGoogle AnalyticsGoogle Tag ManagerTrello Miro [&hellip;]<\/p>\n","protected":false},"author":1,"featured_media":0,"parent":0,"menu_order":0,"comment_status":"closed","ping_status":"closed","template":"","meta":{"footnotes":""},"class_list":["post-59","page","type-page","status-publish","hentry"],"_links":{"self":[{"href":"https:\/\/tldesign.com.br\/index.php?rest_route=\/wp\/v2\/pages\/59","targetHints":{"allow":["GET"]}}],"collection":[{"href":"https:\/\/tldesign.com.br\/index.php?rest_route=\/wp\/v2\/pages"}],"about":[{"href":"https:\/\/tldesign.com.br\/index.php?rest_route=\/wp\/v2\/types\/page"}],"author":[{"embeddable":true,"href":"https:\/\/tldesign.com.br\/index.php?rest_route=\/wp\/v2\/users\/1"}],"replies":[{"embeddable":true,"href":"https:\/\/tldesign.com.br\/index.php?rest_route=%2Fwp%2Fv2%2Fcomments&post=59"}],"version-history":[{"count":270,"href":"https:\/\/tldesign.com.br\/index.php?rest_route=\/wp\/v2\/pages\/59\/revisions"}],"predecessor-version":[{"id":1533,"href":"https:\/\/tldesign.com.br\/index.php?rest_route=\/wp\/v2\/pages\/59\/revisions\/1533"}],"wp:attachment":[{"href":"https:\/\/tldesign.com.br\/index.php?rest_route=%2Fwp%2Fv2%2Fmedia&parent=59"}],"curies":[{"name":"wp","href":"https:\/\/api.w.org\/{rel}","templated":true}]}}